{"id":70,"date":"2023-03-26T20:31:41","date_gmt":"2023-03-26T18:31:41","guid":{"rendered":"http:\/\/aureliedeloron.com\/?page_id=70"},"modified":"2024-01-15T19:07:34","modified_gmt":"2024-01-15T18:07:34","slug":"votre-accompagnement","status":"publish","type":"page","link":"https:\/\/aureliedeloron.com\/index.php\/votre-accompagnement\/","title":{"rendered":"Votre accompagnement"},"content":{"rendered":"\n<h1 class=\"wp-block-heading has-text-align-center has-text-color\" style=\"color:#bd0040\"><strong>&#8211; VOTRE ACCOMPAGNEMENT &#8211; <\/strong><\/h1>\n\n\n\n<h2 class=\"wp-block-heading has-text-align-center has-text-color\" style=\"color:#00bd8a\"><strong>Parce que chaque personne est unique, il n&#8217;y a pas une s\u00e9ance qui se ressemble&#8230;<\/strong><\/h2>\n\n\n\n<h2 class=\"wp-block-heading alignwide has-text-align-center\"><strong>Un accompagnement sur-mesure, cousu main, et mijot\u00e9 aux petits oignons ! <\/strong><\/h2>\n\n\n\n<hr class=\"wp-block-separator has-alpha-channel-opacity\"\/>\n\n\n\n<h2 class=\"wp-block-heading has-text-align-center has-text-color\" style=\"color:#bd0040\"><strong>La premi\u00e8re s\u00e9ance<\/strong><\/h2>\n\n\n\n<hr class=\"wp-block-separator has-alpha-channel-opacity\"\/>\n\n\n\n<p class=\"has-black-color has-text-color has-link-color wp-elements-68277c2a66d44c965433937297933da2\">Vous le savez aussi d\u00e9j\u00e0 peut-\u00eatre, mais prendre la d\u00e9cision de changer amorce d\u00e9j\u00e0 votre changement &#8230; Puis vous franchissez une nouvelle \u00e9tape en me contactant &#8230; et ce n&#8217;est que le d\u00e9but de votre (r) \u00e9volution \ud83d\ude09 !<\/p>\n\n\n\n<p class=\"has-text-align-left has-black-color has-text-color\">Une fois le rendez-vous pris, vient le jour tant attendu de la premi\u00e8re s\u00e9ance de votre accompagnement !<\/p>\n\n\n\n<p class=\"has-black-color has-text-color has-link-color wp-elements-b9ff36633d7e33c9c189e1902566df0e\">Cette s\u00e9ance, les suivantes et cet accompagnement dans sa globalit\u00e9 sont une alchimie entre \u00e9coute active, questionnements, prise de conscience, remise en dynamique. Mais aussi projections, outils, trucs et astuces en r\u00e9f\u00e9rence \u00e0 ce que vous \u00eates et ce que vous souhaitez.<\/p>\n\n\n\n<p class=\"has-black-color has-text-color\">Elle se d\u00e9roule sous la forme d\u2019un entretien et permet de collecter les informations n\u00e9cessaires pour d\u00e9terminer votre objectif et ainsi trouver les&nbsp;<strong>pistes d\u2019\u00e9volution et de changement<\/strong>&nbsp;en ad\u00e9quation avec votre environnement familial, professionnel ou personnel.<\/p>\n\n\n\n<p class=\"has-black-color has-text-color\"><strong>\u200bVotre&nbsp;motivation \u00e0 changer&nbsp;et \u00e0 travailler sur vous-m\u00eame sont primordiales et acc\u00e9l\u00e8rent&nbsp;l\u2019atteinte de vos objectifs&nbsp;!<\/strong><\/p>\n\n\n\n<p class=\"has-black-color has-text-color\">Nous allons pr\u00e9ciser ensemble&nbsp;<strong>ce vers quoi vous voulez aller, ce qui vous bloque et ce qui vous motive<\/strong>\u2026<\/p>\n\n\n\n<p class=\"has-black-color has-text-color\">Cette s\u00e9ance est \u00e9galement l\u2019occasion de&nbsp;r\u00e9pondre \u00e0 vos questions et interrogations, de&nbsp;parler des m\u00e9thodes employ\u00e9es dans le cadre de la th\u00e9rapie puis de les d\u00e9couvrir.<\/p>\n\n\n\n<p class=\"has-black-color has-text-color\"><strong>D\u00e9j\u00e0 des choses se cr\u00e9ent, se mettent en place, tandis que d\u2019autres poursuivront&nbsp;leur chemin un peu apr\u00e8s.<\/strong><\/p>\n\n\n\n<p><\/p>\n\n\n\n<figure class=\"wp-block-image aligncenter size-full\"><img loading=\"lazy\" decoding=\"async\" width=\"576\" height=\"960\" src=\"http:\/\/aureliedeloron.com\/wp-content\/uploads\/2023\/03\/11143622_10207334448022394_2549697184164552011_n.jpg\" alt=\"accompagnement\" class=\"wp-image-175\" srcset=\"https:\/\/aureliedeloron.com\/wp-content\/uploads\/2023\/03\/11143622_10207334448022394_2549697184164552011_n.jpg 576w, https:\/\/aureliedeloron.com\/wp-content\/uploads\/2023\/03\/11143622_10207334448022394_2549697184164552011_n-180x300.jpg 180w\" sizes=\"auto, (max-width: 576px) 100vw, 576px\" \/><figcaption class=\"wp-element-caption\"><em><strong>\u200b\u00ab Un objectif sans date est juste un r\u00eave&nbsp;\u00bb \u2013 Milton Erickson<\/strong><\/em><\/figcaption><\/figure>\n\n\n\n<hr class=\"wp-block-separator has-alpha-channel-opacity\"\/>\n\n\n\n<h2 class=\"wp-block-heading has-text-align-center has-text-color\" style=\"color:#bd0040\"><strong>Les s\u00e9ances suivantes <\/strong><\/h2>\n\n\n\n<hr class=\"wp-block-separator has-alpha-channel-opacity\"\/>\n\n\n\n<p class=\"has-black-color has-text-color\">Apr\u00e8s avoir fait le point sur les changements survenus suite \u00e0 la s\u00e9ance pr\u00e9c\u00e9dente, nous proc\u00e9dons au&nbsp;travail th\u00e9rapeutique en accord avec votre objectif.<\/p>\n\n\n\n<p class=\"has-black-color has-text-color\"><strong>Le temps de th\u00e9rapie est un temps pour VOUS&nbsp;<\/strong>: cette s\u00e9ance est construite sur mesure, en fonction de votre objectif et de la personne que vous \u00eates.<\/p>\n\n\n\n<p class=\"has-black-color has-text-color\">Pendant la s\u00e9ance,&nbsp;vous ne dormez pas&nbsp;:&nbsp;<strong>c\u2019est vous l\u2019acteur de votre changement<\/strong>.&nbsp;Vous \u00eates conscient de tout&nbsp;ce qui se dit et ce qui se passe.<\/p>\n\n\n\n<p class=\"has-black-color has-text-color\"><strong>\u200bAlors, les choses s\u2019installent, se d\u00e9couvrent ou font leur chemin \u00e0 votre\u00a0rythme et en fonction de vous, au fur et \u00e0 mesure.<\/strong><\/p>\n\n\n\n<p class=\"has-black-color has-text-color\">En moyenne, 3 \u00e0 4 s\u00e9ances peuvent \u00eatre n\u00e9cessaires (comme toute moyenne, cela peut varier d\u2019un individu \u00e0 un autre).<\/p>\n\n\n\n<p class=\"has-black-color has-text-color\">L\u2019hypnose et la PNL font partie de la famille des \u00ab&nbsp;<strong><a href=\"http:\/\/aureliedeloron.com\/index.php\/les-methodes-utilisees\/\">th\u00e9rapies br\u00e8ves<\/a><\/strong>&nbsp;\u00bb, qui par d\u00e9finition, se doivent de rester \u00abbr\u00e8ves\u00bb.<\/p>\n\n\n\n<p class=\"has-black-color has-text-color\">Contrairement \u00e0 d\u2019autres approches th\u00e9rapeutiques, les th\u00e9rapies br\u00e8ves s\u2019orientent directement vers la recherche d\u2019une solution efficace et adapt\u00e9e \u00e0 vos propres besoins.<\/p>\n\n\n\n<p class=\"has-black-color has-text-color\"><strong>Aussi, la s\u00e9ance est importante et b\u00e9n\u00e9fique dans ses effets relaxants imm\u00e9diatement. N\u00e9anmoins, les changements apparaissent principalement dans l\u2019intervalle entre les s\u00e9ances.<\/strong><\/p>\n\n\n\n<p class=\"has-black-color has-text-color\">L\u2019intervalle entre les s\u00e9ances est g\u00e9n\u00e9ralement de 2 \u00e0 3 semaines, afin de prendre le temps de constater les effets.<\/p>\n\n\n\n<figure class=\"wp-block-image aligncenter size-large is-resized\"><img decoding=\"async\" src=\"http:\/\/aureliedeloron.com\/wp-content\/uploads\/2023\/03\/20140902_152450-1024x614.jpg\" alt=\"\" class=\"wp-image-176\" style=\"width:397px;height:238px\"\/><figcaption class=\"wp-element-caption\"><em>Ajoutez des nuances dans votre palette de couleurs \u00e9motionnelles &#8230;<\/em><\/figcaption><\/figure>\n\n\n\n<p class=\"has-text-align-right has-text-color\" style=\"color:#00bd8a\"><strong><em>Les effets ressentis sont continus, et les changements se poursuivent au fil du temps&#8230;<\/em><\/strong><\/p>\n","protected":false},"excerpt":{"rendered":"<p>&#8211; VOTRE ACCOMPAGNEMENT &#8211; Parce que chaque personne est unique, il n&#8217;y a pas une s\u00e9ance qui se ressemble&#8230; Un accompagnement sur-mesure, cousu main, et mijot\u00e9 aux petits oignons ! La premi\u00e8re s\u00e9ance Vous le savez aussi d\u00e9j\u00e0 peut-\u00eatre, mais<\/p>\n","protected":false},"author":1,"featured_media":0,"parent":0,"menu_order":0,"comment_status":"closed","ping_status":"closed","template":"","meta":{"footnotes":""},"class_list":["post-70","page","type-page","status-publish","hentry"],"yoast_head":"<!-- This site is optimized with the Yoast SEO plugin v27.4 - https:\/\/yoast.com\/product\/yoast-seo-wordpress\/ -->\n<title>Votre accompagnement - DELORON Hypnose \u00e0 PIREY<\/title>\n<meta name=\"description\" content=\"D\u00e9couvrez ma vision de l&#039;accompagnement, dans le respect de votre demande, vos attentes....La premi\u00e8re s\u00e9ance... les suivantes\/\/br\u00e8ves\" \/>\n<meta name=\"robots\" content=\"index, follow, max-snippet:-1, max-image-preview:large, max-video-preview:-1\" \/>\n<link rel=\"canonical\" href=\"https:\/\/aureliedeloron.com\/index.php\/votre-accompagnement\/\" \/>\n<meta property=\"og:locale\" content=\"en_US\" \/>\n<meta property=\"og:type\" content=\"article\" \/>\n<meta property=\"og:title\" content=\"Votre accompagnement - DELORON Hypnose \u00e0 PIREY\" \/>\n<meta property=\"og:description\" content=\"D\u00e9couvrez ma vision de l&#039;accompagnement, dans le respect de votre demande, vos attentes....La premi\u00e8re s\u00e9ance... les suivantes\/\/br\u00e8ves\" \/>\n<meta property=\"og:url\" content=\"https:\/\/aureliedeloron.com\/index.php\/votre-accompagnement\/\" \/>\n<meta property=\"og:site_name\" content=\"Aur\u00e9lie Deloron - Hypnose et Th\u00e9rapies Br\u00e8ves\" \/>\n<meta property=\"article:publisher\" content=\"https:\/\/www.facebook.com\/settings?tab=profile&amp;section=username\" \/>\n<meta property=\"article:modified_time\" content=\"2024-01-15T18:07:34+00:00\" \/>\n<meta property=\"og:image\" content=\"http:\/\/aureliedeloron.com\/wp-content\/uploads\/2023\/03\/11143622_10207334448022394_2549697184164552011_n.jpg\" \/>\n<meta name=\"twitter:card\" content=\"summary_large_image\" \/>\n<meta name=\"twitter:label1\" content=\"Est. reading time\" \/>\n\t<meta name=\"twitter:data1\" content=\"3 minutes\" \/>\n<script type=\"application\/ld+json\" class=\"yoast-schema-graph\">{\"@context\":\"https:\\\/\\\/schema.org\",\"@graph\":[{\"@type\":\"WebPage\",\"@id\":\"https:\\\/\\\/aureliedeloron.com\\\/index.php\\\/votre-accompagnement\\\/\",\"url\":\"https:\\\/\\\/aureliedeloron.com\\\/index.php\\\/votre-accompagnement\\\/\",\"name\":\"Votre accompagnement - DELORON Hypnose \u00e0 PIREY\",\"isPartOf\":{\"@id\":\"https:\\\/\\\/aureliedeloron.com\\\/#website\"},\"primaryImageOfPage\":{\"@id\":\"https:\\\/\\\/aureliedeloron.com\\\/index.php\\\/votre-accompagnement\\\/#primaryimage\"},\"image\":{\"@id\":\"https:\\\/\\\/aureliedeloron.com\\\/index.php\\\/votre-accompagnement\\\/#primaryimage\"},\"thumbnailUrl\":\"http:\\\/\\\/aureliedeloron.com\\\/wp-content\\\/uploads\\\/2023\\\/03\\\/11143622_10207334448022394_2549697184164552011_n.jpg\",\"datePublished\":\"2023-03-26T18:31:41+00:00\",\"dateModified\":\"2024-01-15T18:07:34+00:00\",\"description\":\"D\u00e9couvrez ma vision de l'accompagnement, dans le respect de votre demande, vos attentes....La premi\u00e8re s\u00e9ance... les suivantes\\\/\\\/br\u00e8ves\",\"breadcrumb\":{\"@id\":\"https:\\\/\\\/aureliedeloron.com\\\/index.php\\\/votre-accompagnement\\\/#breadcrumb\"},\"inLanguage\":\"en-US\",\"potentialAction\":[{\"@type\":\"ReadAction\",\"target\":[\"https:\\\/\\\/aureliedeloron.com\\\/index.php\\\/votre-accompagnement\\\/\"]}]},{\"@type\":\"ImageObject\",\"inLanguage\":\"en-US\",\"@id\":\"https:\\\/\\\/aureliedeloron.com\\\/index.php\\\/votre-accompagnement\\\/#primaryimage\",\"url\":\"https:\\\/\\\/aureliedeloron.com\\\/wp-content\\\/uploads\\\/2023\\\/03\\\/11143622_10207334448022394_2549697184164552011_n.jpg\",\"contentUrl\":\"https:\\\/\\\/aureliedeloron.com\\\/wp-content\\\/uploads\\\/2023\\\/03\\\/11143622_10207334448022394_2549697184164552011_n.jpg\",\"width\":576,\"height\":960},{\"@type\":\"BreadcrumbList\",\"@id\":\"https:\\\/\\\/aureliedeloron.com\\\/index.php\\\/votre-accompagnement\\\/#breadcrumb\",\"itemListElement\":[{\"@type\":\"ListItem\",\"position\":1,\"name\":\"Accueil\",\"item\":\"https:\\\/\\\/aureliedeloron.com\\\/\"},{\"@type\":\"ListItem\",\"position\":2,\"name\":\"Votre accompagnement\"}]},{\"@type\":\"WebSite\",\"@id\":\"https:\\\/\\\/aureliedeloron.com\\\/#website\",\"url\":\"https:\\\/\\\/aureliedeloron.com\\\/\",\"name\":\"Aur\u00e9lie Deloron Hypnose et Th\u00e9rapies Br\u00e8ves\",\"description\":\"Pr\u00e8s de Besan\u00e7on : 30A Rue du Mont 25480 PIREY\",\"publisher\":{\"@id\":\"https:\\\/\\\/aureliedeloron.com\\\/#organization\"},\"potentialAction\":[{\"@type\":\"SearchAction\",\"target\":{\"@type\":\"EntryPoint\",\"urlTemplate\":\"https:\\\/\\\/aureliedeloron.com\\\/?s={search_term_string}\"},\"query-input\":{\"@type\":\"PropertyValueSpecification\",\"valueRequired\":true,\"valueName\":\"search_term_string\"}}],\"inLanguage\":\"en-US\"},{\"@type\":\"Organization\",\"@id\":\"https:\\\/\\\/aureliedeloron.com\\\/#organization\",\"name\":\"Aur\u00e9lie Deloron Hypnose et Th\u00e9rapies Br\u00e8ves\",\"url\":\"https:\\\/\\\/aureliedeloron.com\\\/\",\"logo\":{\"@type\":\"ImageObject\",\"inLanguage\":\"en-US\",\"@id\":\"https:\\\/\\\/aureliedeloron.com\\\/#\\\/schema\\\/logo\\\/image\\\/\",\"url\":\"https:\\\/\\\/aureliedeloron.com\\\/wp-content\\\/uploads\\\/2023\\\/03\\\/cropped-cropped-20200429_110559.jpg\",\"contentUrl\":\"https:\\\/\\\/aureliedeloron.com\\\/wp-content\\\/uploads\\\/2023\\\/03\\\/cropped-cropped-20200429_110559.jpg\",\"width\":274,\"height\":274,\"caption\":\"Aur\u00e9lie Deloron Hypnose et Th\u00e9rapies Br\u00e8ves\"},\"image\":{\"@id\":\"https:\\\/\\\/aureliedeloron.com\\\/#\\\/schema\\\/logo\\\/image\\\/\"},\"sameAs\":[\"https:\\\/\\\/www.facebook.com\\\/settings?tab=profile&section=username\"]}]}<\/script>\n<!-- \/ Yoast SEO plugin. -->","yoast_head_json":{"title":"Votre accompagnement - DELORON Hypnose \u00e0 PIREY","description":"D\u00e9couvrez ma vision de l'accompagnement, dans le respect de votre demande, vos attentes....La premi\u00e8re s\u00e9ance... les suivantes\/\/br\u00e8ves","robots":{"index":"index","follow":"follow","max-snippet":"max-snippet:-1","max-image-preview":"max-image-preview:large","max-video-preview":"max-video-preview:-1"},"canonical":"https:\/\/aureliedeloron.com\/index.php\/votre-accompagnement\/","og_locale":"en_US","og_type":"article","og_title":"Votre accompagnement - DELORON Hypnose \u00e0 PIREY","og_description":"D\u00e9couvrez ma vision de l'accompagnement, dans le respect de votre demande, vos attentes....La premi\u00e8re s\u00e9ance... les suivantes\/\/br\u00e8ves","og_url":"https:\/\/aureliedeloron.com\/index.php\/votre-accompagnement\/","og_site_name":"Aur\u00e9lie Deloron - Hypnose et Th\u00e9rapies Br\u00e8ves","article_publisher":"https:\/\/www.facebook.com\/settings?tab=profile&section=username","article_modified_time":"2024-01-15T18:07:34+00:00","og_image":[{"url":"http:\/\/aureliedeloron.com\/wp-content\/uploads\/2023\/03\/11143622_10207334448022394_2549697184164552011_n.jpg","type":"","width":"","height":""}],"twitter_card":"summary_large_image","twitter_misc":{"Est. reading time":"3 minutes"},"schema":{"@context":"https:\/\/schema.org","@graph":[{"@type":"WebPage","@id":"https:\/\/aureliedeloron.com\/index.php\/votre-accompagnement\/","url":"https:\/\/aureliedeloron.com\/index.php\/votre-accompagnement\/","name":"Votre accompagnement - DELORON Hypnose \u00e0 PIREY","isPartOf":{"@id":"https:\/\/aureliedeloron.com\/#website"},"primaryImageOfPage":{"@id":"https:\/\/aureliedeloron.com\/index.php\/votre-accompagnement\/#primaryimage"},"image":{"@id":"https:\/\/aureliedeloron.com\/index.php\/votre-accompagnement\/#primaryimage"},"thumbnailUrl":"http:\/\/aureliedeloron.com\/wp-content\/uploads\/2023\/03\/11143622_10207334448022394_2549697184164552011_n.jpg","datePublished":"2023-03-26T18:31:41+00:00","dateModified":"2024-01-15T18:07:34+00:00","description":"D\u00e9couvrez ma vision de l'accompagnement, dans le respect de votre demande, vos attentes....La premi\u00e8re s\u00e9ance... les suivantes\/\/br\u00e8ves","breadcrumb":{"@id":"https:\/\/aureliedeloron.com\/index.php\/votre-accompagnement\/#breadcrumb"},"inLanguage":"en-US","potentialAction":[{"@type":"ReadAction","target":["https:\/\/aureliedeloron.com\/index.php\/votre-accompagnement\/"]}]},{"@type":"ImageObject","inLanguage":"en-US","@id":"https:\/\/aureliedeloron.com\/index.php\/votre-accompagnement\/#primaryimage","url":"https:\/\/aureliedeloron.com\/wp-content\/uploads\/2023\/03\/11143622_10207334448022394_2549697184164552011_n.jpg","contentUrl":"https:\/\/aureliedeloron.com\/wp-content\/uploads\/2023\/03\/11143622_10207334448022394_2549697184164552011_n.jpg","width":576,"height":960},{"@type":"BreadcrumbList","@id":"https:\/\/aureliedeloron.com\/index.php\/votre-accompagnement\/#breadcrumb","itemListElement":[{"@type":"ListItem","position":1,"name":"Accueil","item":"https:\/\/aureliedeloron.com\/"},{"@type":"ListItem","position":2,"name":"Votre accompagnement"}]},{"@type":"WebSite","@id":"https:\/\/aureliedeloron.com\/#website","url":"https:\/\/aureliedeloron.com\/","name":"Aur\u00e9lie Deloron Hypnose et Th\u00e9rapies Br\u00e8ves","description":"Pr\u00e8s de Besan\u00e7on : 30A Rue du Mont 25480 PIREY","publisher":{"@id":"https:\/\/aureliedeloron.com\/#organization"},"potentialAction":[{"@type":"SearchAction","target":{"@type":"EntryPoint","urlTemplate":"https:\/\/aureliedeloron.com\/?s={search_term_string}"},"query-input":{"@type":"PropertyValueSpecification","valueRequired":true,"valueName":"search_term_string"}}],"inLanguage":"en-US"},{"@type":"Organization","@id":"https:\/\/aureliedeloron.com\/#organization","name":"Aur\u00e9lie Deloron Hypnose et Th\u00e9rapies Br\u00e8ves","url":"https:\/\/aureliedeloron.com\/","logo":{"@type":"ImageObject","inLanguage":"en-US","@id":"https:\/\/aureliedeloron.com\/#\/schema\/logo\/image\/","url":"https:\/\/aureliedeloron.com\/wp-content\/uploads\/2023\/03\/cropped-cropped-20200429_110559.jpg","contentUrl":"https:\/\/aureliedeloron.com\/wp-content\/uploads\/2023\/03\/cropped-cropped-20200429_110559.jpg","width":274,"height":274,"caption":"Aur\u00e9lie Deloron Hypnose et Th\u00e9rapies Br\u00e8ves"},"image":{"@id":"https:\/\/aureliedeloron.com\/#\/schema\/logo\/image\/"},"sameAs":["https:\/\/www.facebook.com\/settings?tab=profile&section=username"]}]}},"_links":{"self":[{"href":"https:\/\/aureliedeloron.com\/index.php\/wp-json\/wp\/v2\/pages\/70","targetHints":{"allow":["GET"]}}],"collection":[{"href":"https:\/\/aureliedeloron.com\/index.php\/wp-json\/wp\/v2\/pages"}],"about":[{"href":"https:\/\/aureliedeloron.com\/index.php\/wp-json\/wp\/v2\/types\/page"}],"author":[{"embeddable":true,"href":"https:\/\/aureliedeloron.com\/index.php\/wp-json\/wp\/v2\/users\/1"}],"replies":[{"embeddable":true,"href":"https:\/\/aureliedeloron.com\/index.php\/wp-json\/wp\/v2\/comments?post=70"}],"version-history":[{"count":12,"href":"https:\/\/aureliedeloron.com\/index.php\/wp-json\/wp\/v2\/pages\/70\/revisions"}],"predecessor-version":[{"id":363,"href":"https:\/\/aureliedeloron.com\/index.php\/wp-json\/wp\/v2\/pages\/70\/revisions\/363"}],"wp:attachment":[{"href":"https:\/\/aureliedeloron.com\/index.php\/wp-json\/wp\/v2\/media?parent=70"}],"curies":[{"name":"wp","href":"https:\/\/api.w.org\/{rel}","templated":true}]}}